{"id":19,"date":"2017-05-29T15:39:42","date_gmt":"2017-05-29T19:39:42","guid":{"rendered":"http:\/\/sindicato2schindler.cl\/sitio\/?page_id=19"},"modified":"2020-05-04T16:38:33","modified_gmt":"2020-05-04T20:38:33","slug":"documentos","status":"publish","type":"page","link":"https:\/\/sindicato2schindler.cl\/sitio\/documentos\/","title":{"rendered":"Documentos"},"content":{"rendered":"\n<figure class=\"wp-block-image size-large\"><img loading=\"lazy\" decoding=\"async\" width=\"1018\" height=\"460\" src=\"https:\/\/sindicato2schindler.cl\/sitio\/wp-content\/uploads\/2020\/01\/documentos-schindler-v2.png\" alt=\"\" class=\"wp-image-762\" srcset=\"https:\/\/sindicato2schindler.cl\/sitio\/wp-content\/uploads\/2020\/01\/documentos-schindler-v2.png 1018w, https:\/\/sindicato2schindler.cl\/sitio\/wp-content\/uploads\/2020\/01\/documentos-schindler-v2-300x136.png 300w, https:\/\/sindicato2schindler.cl\/sitio\/wp-content\/uploads\/2020\/01\/documentos-schindler-v2-768x347.png 768w\" sizes=\"auto, (max-width: 1018px) 100vw, 1018px\" \/><\/figure>\n\n\n<p>Estimados socios, a trav\u00e9s de esta p\u00e1gina deseamos hacerles llegar los documentos oficiales que plasman los logros de nuestras negociaci\u00f3n.<\/p>\n<h3 style=\"text-align: center;\">Contrato Colectivo 2019 &#8211; 2021<\/h3>\n<h5 style=\"text-align: center;\"><a href=\"https:\/\/drive.google.com\/open?id=1Hb9yNTLcHRuiUEPoErJRDthXYnwqz8nq\"><img loading=\"lazy\" decoding=\"async\" class=\"alignnone wp-image-77 size-full\" src=\"https:\/\/sindicato2schindler.cl\/sitio\/wp-content\/uploads\/2017\/05\/descargar.jpg\" alt=\"\" width=\"200\" height=\"85\" \/><\/a><\/h5>\n<h3 style=\"text-align: center;\">Acuerdo Extracontractual 2019 &#8211; 2021<\/h3>\n<h5 style=\"text-align: center;\"><a href=\"https:\/\/drive.google.com\/open?id=194WFZWdYYvjkUA-TprK6Eep0kEZLEb9i\"><img loading=\"lazy\" decoding=\"async\" class=\"alignnone wp-image-77 size-full\" src=\"https:\/\/sindicato2schindler.cl\/sitio\/wp-content\/uploads\/2017\/05\/descargar.jpg\" alt=\"\" width=\"200\" height=\"85\" \/><\/a><\/h5>\n<h3 style=\"text-align: center;\">Acuerdo Extracontractual 2017 &#8211; 2019<\/h3>\n<p style=\"text-align: center;\"><a href=\"http:\/\/sindicato2schindler.cl\/sitio\/wp-content\/uploads\/2017\/09\/ACUERDO-EXTRACONTRACTUAL-2017.pdf\"><img loading=\"lazy\" decoding=\"async\" class=\"alignnone size-full wp-image-77\" src=\"http:\/\/sindicato2schindler.cl\/sitio\/wp-content\/uploads\/2017\/05\/descargar.jpg\" alt=\"\" width=\"200\" height=\"85\" \/><\/a><\/p>\n<h3 style=\"text-align: center;\">Contrato Colectivo 2017 &#8211; 2019<\/h3>\n<p style=\"text-align: center;\"><a href=\"http:\/\/sindicato2schindler.cl\/sitio\/wp-content\/uploads\/2017\/09\/CONTRATO-CELECTIVO-2017-2019.pdf\"><img loading=\"lazy\" decoding=\"async\" class=\"alignnone size-full wp-image-77\" src=\"http:\/\/sindicato2schindler.cl\/sitio\/wp-content\/uploads\/2017\/05\/descargar.jpg\" alt=\"\" width=\"200\" height=\"85\" \/><\/a><\/p>\n<h3 style=\"text-align: center;\">Contrato Colectivo 2015<\/h3>\n<p style=\"text-align: center;\"><a href=\"http:\/\/sindicato2schindler.cl\/sitio\/wp-content\/uploads\/2017\/05\/Contrato-Colectivo-2015.pdf\"><img loading=\"lazy\" decoding=\"async\" class=\"size-full wp-image-77 aligncenter\" src=\"http:\/\/sindicato2schindler.cl\/sitio\/wp-content\/uploads\/2017\/05\/descargar.jpg\" alt=\"\" width=\"200\" height=\"85\" \/><\/a><\/p>\n<h3 style=\"text-align: center;\">Acuerdo Extracontractual 2015<\/h3>\n<p style=\"text-align: center;\"><a href=\"http:\/\/sindicato2schindler.cl\/sitio\/wp-content\/uploads\/2017\/05\/ACUERDO-EXTRACONTACTUAL-S2-2015.pdf\"><img loading=\"lazy\" decoding=\"async\" class=\"alignnone size-full wp-image-77\" src=\"http:\/\/sindicato2schindler.cl\/sitio\/wp-content\/uploads\/2017\/05\/descargar.jpg\" alt=\"\" width=\"200\" height=\"85\" \/><\/a><\/p>\n<h3 style=\"text-align: center;\">Estatutos Sindicato N\u00b02 Asc. Schindler<\/h3>\n<p><a href=\"http:\/\/sindicato2schindler.cl\/sitio\/wp-content\/uploads\/2017\/05\/Estatuto_Sindicato2.pdf\"><img loading=\"lazy\" decoding=\"async\" class=\"alignnone size-full wp-image-77 aligncenter\" src=\"http:\/\/sindicato2schindler.cl\/sitio\/wp-content\/uploads\/2017\/05\/descargar.jpg\" alt=\"\" width=\"200\" height=\"85\" \/><\/a><\/p>\n<h3 style=\"text-align: center;\"><span style=\"font-size: 14pt;\"><strong>Nomina Socios Seguro de Salud Vidacamara<\/strong><\/span><\/h3>\n<p style=\"text-align: center;\"><span style=\"font-size: 14pt;\"><strong><a href=\"http:\/\/sindicato2schindler.cl\/sitio\/wp-content\/uploads\/2017\/05\/NOMINA-DE-SOCIOS-seguro-de-salud.pdf\"><img loading=\"lazy\" decoding=\"async\" class=\"alignnone size-full wp-image-77\" src=\"http:\/\/sindicato2schindler.cl\/sitio\/wp-content\/uploads\/2017\/05\/descargar.jpg\" alt=\"\" width=\"200\" height=\"85\" \/><\/a><\/strong><\/span><\/p>\n<h3 style=\"text-align: center;\"><span style=\"font-size: 14pt;\"><strong>Poliza y coberturas seguro Salud Vidacamara<\/strong><\/span><\/h3>\n<p style=\"text-align: center;\"><a href=\"http:\/\/sindicato2schindler.cl\/sitio\/wp-content\/uploads\/2017\/05\/POLIZA-Y-COBERTURAS-SEGURO-DE-SALUD.pdf\"><img loading=\"lazy\" decoding=\"async\" class=\"alignnone size-full wp-image-77\" src=\"http:\/\/sindicato2schindler.cl\/sitio\/wp-content\/uploads\/2017\/05\/descargar.jpg\" alt=\"\" width=\"200\" height=\"85\" \/><\/a><\/p>\n<h3 style=\"text-align: center;\"><span style=\"font-size: 14pt;\"><strong>Coberturas Fondo de Salud Sindicato N\u00b02<\/strong><\/span><\/h3>\n<p style=\"text-align: center;\"><a href=\"http:\/\/sindicato2schindler.cl\/sitio\/wp-content\/uploads\/2017\/05\/Cobertura-Fondo-de-Salud.pdf\"><img loading=\"lazy\" decoding=\"async\" class=\"alignnone size-full wp-image-77\" src=\"http:\/\/sindicato2schindler.cl\/sitio\/wp-content\/uploads\/2017\/05\/descargar.jpg\" alt=\"\" width=\"200\" height=\"85\" \/><\/a><\/p>\n<h3 style=\"text-align: center;\"><strong>Actualizaci\u00f3n Seguro de Vida<\/strong><\/h3>\n<p><a href=\"http:\/\/sindicato2schindler.cl\/sitio\/wp-content\/uploads\/2017\/09\/DESIGNACION_BENEFICIARIO-Consorcio.pdf\"><img loading=\"lazy\" decoding=\"async\" class=\"size-full wp-image-77 aligncenter\" src=\"http:\/\/sindicato2schindler.cl\/sitio\/wp-content\/uploads\/2017\/05\/descargar.jpg\" alt=\"\" width=\"200\" height=\"85\" \/><\/a><\/p>\n<p style=\"text-align: center;\"><strong>\u00a0<span style=\"font-size: 14pt;\">Formulario Reembolso Dental<\/span><\/strong><\/p>\n<p style=\"text-align: center;\"><a href=\"http:\/\/sindicato2schindler.cl\/sitio\/wp-content\/uploads\/2018\/01\/FormularioReembolsoDental.pdf\"><img loading=\"lazy\" decoding=\"async\" class=\"alignnone size-full wp-image-77\" src=\"http:\/\/sindicato2schindler.cl\/sitio\/wp-content\/uploads\/2017\/05\/descargar.jpg\" alt=\"\" width=\"200\" height=\"85\" \/><\/a><\/p>","protected":false},"excerpt":{"rendered":"<p>Estimados socios, a trav\u00e9s de esta p\u00e1gina deseamos hacerles llegar los documentos oficiales que plasman los logros de nuestras negociaci\u00f3n. Contrato Colectivo 2019 &#8211; 2021 Acuerdo Extracontractual 2019 &#8211; 2021 Acuerdo Extracontractual 2017 &#8211; 2019 Contrato Colectivo 2017 &#8211; 2019&hellip; <\/p>\n","protected":false},"author":1,"featured_media":762,"parent":0,"menu_order":0,"comment_status":"closed","ping_status":"closed","template":"","meta":{"footnotes":""},"class_list":["post-19","page","type-page","status-publish","has-post-thumbnail","hentry"],"_links":{"self":[{"href":"https:\/\/sindicato2schindler.cl\/sitio\/wp-json\/wp\/v2\/pages\/19","targetHints":{"allow":["GET"]}}],"collection":[{"href":"https:\/\/sindicato2schindler.cl\/sitio\/wp-json\/wp\/v2\/pages"}],"about":[{"href":"https:\/\/sindicato2schindler.cl\/sitio\/wp-json\/wp\/v2\/types\/page"}],"author":[{"embeddable":true,"href":"https:\/\/sindicato2schindler.cl\/sitio\/wp-json\/wp\/v2\/users\/1"}],"replies":[{"embeddable":true,"href":"https:\/\/sindicato2schindler.cl\/sitio\/wp-json\/wp\/v2\/comments?post=19"}],"version-history":[{"count":17,"href":"https:\/\/sindicato2schindler.cl\/sitio\/wp-json\/wp\/v2\/pages\/19\/revisions"}],"predecessor-version":[{"id":854,"href":"https:\/\/sindicato2schindler.cl\/sitio\/wp-json\/wp\/v2\/pages\/19\/revisions\/854"}],"wp:featuredmedia":[{"embeddable":true,"href":"https:\/\/sindicato2schindler.cl\/sitio\/wp-json\/wp\/v2\/media\/762"}],"wp:attachment":[{"href":"https:\/\/sindicato2schindler.cl\/sitio\/wp-json\/wp\/v2\/media?parent=19"}],"curies":[{"name":"wp","href":"https:\/\/api.w.org\/{rel}","templated":true}]}}

<figure class="wp-block-image size-large"><img loading="lazy" decoding="async" width="1018" height="460" src="https://sindicato2schindler.cl/sitio/wp-content/uploads/2020/01/documentos-schindler-v2.png" alt="" class="wp-image-762" srcset="https://sindicato2schindler.cl/sitio/wp-content/uploads/2020/01/documentos-schindler-v2.png 1018w, https://sindicato2schindler.cl/sitio/wp-content/uploads/2020/01/documentos-schindler-v2-300x136.png 300w, https://sindicato2schindler.cl/sitio/wp-content/uploads/2020/01/documentos-schindler-v2-768x347.png 768w" sizes="auto, (max-width: 1018px) 100vw, 1018px" /></figure>


<p>Estimados socios, a través de esta página deseamos hacerles llegar los documentos oficiales que plasman los logros de nuestras negociación.</p>
<h3 style="text-align: center;">Contrato Colectivo 2019 &#8211; 2021</h3>
<h5 style="text-align: center;"><a href="https://drive.google.com/open?id=1Hb9yNTLcHRuiUEPoErJRDthXYnwqz8nq"><img loading="lazy" decoding="async" class="alignnone wp-image-77 size-full" src="https://sindicato2schindler.cl/sitio/wp-content/uploads/2017/05/descargar.jpg" alt="" width="200" height="85" /></a></h5>
<h3 style="text-align: center;">Acuerdo Extracontractual 2019 &#8211; 2021</h3>
<h5 style="text-align: center;"><a href="https://drive.google.com/open?id=194WFZWdYYvjkUA-TprK6Eep0kEZLEb9i"><img loading="lazy" decoding="async" class="alignnone wp-image-77 size-full" src="https://sindicato2schindler.cl/sitio/wp-content/uploads/2017/05/descargar.jpg" alt="" width="200" height="85" /></a></h5>
<h3 style="text-align: center;">Acuerdo Extracontractual 2017 &#8211; 2019</h3>
<p style="text-align: center;"><a href="http://sindicato2schindler.cl/sitio/wp-content/uploads/2017/09/ACUERDO-EXTRACONTRACTUAL-2017.pdf"><img loading="lazy" decoding="async" class="alignnone size-full wp-image-77" src="http://sindicato2schindler.cl/sitio/wp-content/uploads/2017/05/descargar.jpg" alt="" width="200" height="85" /></a></p>
<h3 style="text-align: center;">Contrato Colectivo 2017 &#8211; 2019</h3>
<p style="text-align: center;"><a href="http://sindicato2schindler.cl/sitio/wp-content/uploads/2017/09/CONTRATO-CELECTIVO-2017-2019.pdf"><img loading="lazy" decoding="async" class="alignnone size-full wp-image-77" src="http://sindicato2schindler.cl/sitio/wp-content/uploads/2017/05/descargar.jpg" alt="" width="200" height="85" /></a></p>
<h3 style="text-align: center;">Contrato Colectivo 2015</h3>
<p style="text-align: center;"><a href="http://sindicato2schindler.cl/sitio/wp-content/uploads/2017/05/Contrato-Colectivo-2015.pdf"><img loading="lazy" decoding="async" class="size-full wp-image-77 aligncenter" src="http://sindicato2schindler.cl/sitio/wp-content/uploads/2017/05/descargar.jpg" alt="" width="200" height="85" /></a></p>
<h3 style="text-align: center;">Acuerdo Extracontractual 2015</h3>
<p style="text-align: center;"><a href="http://sindicato2schindler.cl/sitio/wp-content/uploads/2017/05/ACUERDO-EXTRACONTACTUAL-S2-2015.pdf"><img loading="lazy" decoding="async" class="alignnone size-full wp-image-77" src="http://sindicato2schindler.cl/sitio/wp-content/uploads/2017/05/descargar.jpg" alt="" width="200" height="85" /></a></p>
<h3 style="text-align: center;">Estatutos Sindicato N°2 Asc. Schindler</h3>
<p><a href="http://sindicato2schindler.cl/sitio/wp-content/uploads/2017/05/Estatuto_Sindicato2.pdf"><img loading="lazy" decoding="async" class="alignnone size-full wp-image-77 aligncenter" src="http://sindicato2schindler.cl/sitio/wp-content/uploads/2017/05/descargar.jpg" alt="" width="200" height="85" /></a></p>
<h3 style="text-align: center;"><span style="font-size: 14pt;"><strong>Nomina Socios Seguro de Salud Vidacamara</strong></span></h3>
<p style="text-align: center;"><span style="font-size: 14pt;"><strong><a href="http://sindicato2schindler.cl/sitio/wp-content/uploads/2017/05/NOMINA-DE-SOCIOS-seguro-de-salud.pdf"><img loading="lazy" decoding="async" class="alignnone size-full wp-image-77" src="http://sindicato2schindler.cl/sitio/wp-content/uploads/2017/05/descargar.jpg" alt="" width="200" height="85" /></a></strong></span></p>
<h3 style="text-align: center;"><span style="font-size: 14pt;"><strong>Poliza y coberturas seguro Salud Vidacamara</strong></span></h3>
<p style="text-align: center;"><a href="http://sindicato2schindler.cl/sitio/wp-content/uploads/2017/05/POLIZA-Y-COBERTURAS-SEGURO-DE-SALUD.pdf"><img loading="lazy" decoding="async" class="alignnone size-full wp-image-77" src="http://sindicato2schindler.cl/sitio/wp-content/uploads/2017/05/descargar.jpg" alt="" width="200" height="85" /></a></p>
<h3 style="text-align: center;"><span style="font-size: 14pt;"><strong>Coberturas Fondo de Salud Sindicato N°2</strong></span></h3>
<p style="text-align: center;"><a href="http://sindicato2schindler.cl/sitio/wp-content/uploads/2017/05/Cobertura-Fondo-de-Salud.pdf"><img loading="lazy" decoding="async" class="alignnone size-full wp-image-77" src="http://sindicato2schindler.cl/sitio/wp-content/uploads/2017/05/descargar.jpg" alt="" width="200" height="85" /></a></p>
<h3 style="text-align: center;"><strong>Actualización Seguro de Vida</strong></h3>
<p><a href="http://sindicato2schindler.cl/sitio/wp-content/uploads/2017/09/DESIGNACION_BENEFICIARIO-Consorcio.pdf"><img loading="lazy" decoding="async" class="size-full wp-image-77 aligncenter" src="http://sindicato2schindler.cl/sitio/wp-content/uploads/2017/05/descargar.jpg" alt="" width="200" height="85" /></a></p>
<p style="text-align: center;"><strong> <span style="font-size: 14pt;">Formulario Reembolso Dental</span></strong></p>
<p style="text-align: center;"><a href="http://sindicato2schindler.cl/sitio/wp-content/uploads/2018/01/FormularioReembolsoDental.pdf"><img loading="lazy" decoding="async" class="alignnone size-full wp-image-77" src="http://sindicato2schindler.cl/sitio/wp-content/uploads/2017/05/descargar.jpg" alt="" width="200" height="85" /></a></p>

<p>Estimados socios, a través de esta página deseamos hacerles llegar los documentos oficiales que plasman los logros de nuestras negociación. Contrato Colectivo 2019 &#8211; 2021 Acuerdo Extracontractual 2019 &#8211; 2021 Acuerdo Extracontractual 2017 &#8211; 2019 Contrato Colectivo 2017 &#8211; 2019&hellip; </p>
