{"id":1456,"date":"2021-07-06T12:11:19","date_gmt":"2021-07-06T16:11:19","guid":{"rendered":"https:\/\/sindicato2schindler.cl\/sitio\/?page_id=1456"},"modified":"2021-07-06T12:11:19","modified_gmt":"2021-07-06T16:11:19","slug":"multa-por-cambio-unilateral-del-pago-de-los-incentivos","status":"publish","type":"page","link":"https:\/\/sindicato2schindler.cl\/sitio\/multa-por-cambio-unilateral-del-pago-de-los-incentivos\/","title":{"rendered":"Multa por cambio Unilateral del pago de los incentivos"},"content":{"rendered":"<p><img loading=\"lazy\" decoding=\"async\" class=\"aligncenter size-full wp-image-1449\" src=\"https:\/\/sindicato2schindler.cl\/sitio\/wp-content\/uploads\/2021\/07\/banner-multa3.png\" alt=\"\" width=\"670\" height=\"300\" \/><\/p>\n<p>Estimados socios:<\/p>\n<p>Informamos en relaci\u00f3n a las modificaciones impuestas por la empresa, en relaci\u00f3n al cambio arbitrario de incentivos.<\/p>\n<p>Como recordar\u00e1n, durante el a\u00f1o 2020 la empresa suspendi\u00f3 varios item econ\u00f3micos, entre los que destacan los incentivos. Este a\u00f1o, dichos incentivos fueron reinstalados, pero con una nueva f\u00f3rmula de c\u00e1lculo, pasando de un r\u00e9gimen mensual a trimestral perjudicando directamente los intereses de los socios.<\/p>\n<p>Luego de presentar nuestra disconformidad a la empresa, y al no recibir una respuesta objetiva, y conscientes de un derecho adquirido en el tiempo se procedi\u00f3 a presentar una denuncia ante la Inspecci\u00f3n del Trabajo.<\/p>\n<p>El organismo recibi\u00f3 nuestra denuncia fallando a favor de los trabajadores.<\/p>\n<p>Lo anterior significa que la empresa ser\u00e1 multada por esta decisi\u00f3n administrativa unilateral.<\/p>\n<p>Lamentamos llegar a estas instancias, pero la intransigente posici\u00f3n de la empresa, no dej\u00f3 espacio para otra acci\u00f3n medida.<\/p>\n<p>Por \u00faltimo, es necesario se\u00f1alar que este tipo de acciones es considerada como una falta grave, que termina por da\u00f1ar la relaci\u00f3n empresa-trabajador.<\/p>\n<p>&nbsp;<\/p>\n<p>&nbsp;<\/p>\n<p><img loading=\"lazy\" decoding=\"async\" class=\"aligncenter size-full wp-image-1446\" src=\"https:\/\/sindicato2schindler.cl\/sitio\/wp-content\/uploads\/2021\/07\/002.png\" alt=\"\" width=\"600\" height=\"338\" srcset=\"https:\/\/sindicato2schindler.cl\/sitio\/wp-content\/uploads\/2021\/07\/002.png 600w, https:\/\/sindicato2schindler.cl\/sitio\/wp-content\/uploads\/2021\/07\/002-300x169.png 300w\" sizes=\"auto, (max-width: 600px) 100vw, 600px\" \/><\/p>\n<p><img loading=\"lazy\" decoding=\"async\" class=\"aligncenter size-full wp-image-1447\" src=\"https:\/\/sindicato2schindler.cl\/sitio\/wp-content\/uploads\/2021\/07\/003.png\" alt=\"\" width=\"600\" height=\"338\" srcset=\"https:\/\/sindicato2schindler.cl\/sitio\/wp-content\/uploads\/2021\/07\/003.png 600w, https:\/\/sindicato2schindler.cl\/sitio\/wp-content\/uploads\/2021\/07\/003-300x169.png 300w\" sizes=\"auto, (max-width: 600px) 100vw, 600px\" \/><\/p>\n<p><img loading=\"lazy\" decoding=\"async\" class=\"aligncenter size-full wp-image-1448\" src=\"https:\/\/sindicato2schindler.cl\/sitio\/wp-content\/uploads\/2021\/07\/001.png\" alt=\"\" width=\"500\" height=\"889\" srcset=\"https:\/\/sindicato2schindler.cl\/sitio\/wp-content\/uploads\/2021\/07\/001.png 500w, https:\/\/sindicato2schindler.cl\/sitio\/wp-content\/uploads\/2021\/07\/001-169x300.png 169w\" sizes=\"auto, (max-width: 500px) 100vw, 500px\" \/><\/p>\n<p>&nbsp;<\/p>\n","protected":false},"excerpt":{"rendered":"<p>Estimados socios: Informamos en relaci\u00f3n a las modificaciones impuestas por la empresa, en relaci\u00f3n al cambio arbitrario de incentivos. Como recordar\u00e1n, durante el a\u00f1o 2020 la empresa suspendi\u00f3 varios item econ\u00f3micos, entre los que destacan los incentivos. Este a\u00f1o, dichos&hellip; <\/p>\n","protected":false},"author":1,"featured_media":1454,"parent":0,"menu_order":0,"comment_status":"closed","ping_status":"closed","template":"","meta":{"footnotes":""},"class_list":["post-1456","page","type-page","status-publish","has-post-thumbnail","hentry"],"_links":{"self":[{"href":"https:\/\/sindicato2schindler.cl\/sitio\/wp-json\/wp\/v2\/pages\/1456","targetHints":{"allow":["GET"]}}],"collection":[{"href":"https:\/\/sindicato2schindler.cl\/sitio\/wp-json\/wp\/v2\/pages"}],"about":[{"href":"https:\/\/sindicato2schindler.cl\/sitio\/wp-json\/wp\/v2\/types\/page"}],"author":[{"embeddable":true,"href":"https:\/\/sindicato2schindler.cl\/sitio\/wp-json\/wp\/v2\/users\/1"}],"replies":[{"embeddable":true,"href":"https:\/\/sindicato2schindler.cl\/sitio\/wp-json\/wp\/v2\/comments?post=1456"}],"version-history":[{"count":1,"href":"https:\/\/sindicato2schindler.cl\/sitio\/wp-json\/wp\/v2\/pages\/1456\/revisions"}],"predecessor-version":[{"id":1457,"href":"https:\/\/sindicato2schindler.cl\/sitio\/wp-json\/wp\/v2\/pages\/1456\/revisions\/1457"}],"wp:featuredmedia":[{"embeddable":true,"href":"https:\/\/sindicato2schindler.cl\/sitio\/wp-json\/wp\/v2\/media\/1454"}],"wp:attachment":[{"href":"https:\/\/sindicato2schindler.cl\/sitio\/wp-json\/wp\/v2\/media?parent=1456"}],"curies":[{"name":"wp","href":"https:\/\/api.w.org\/{rel}","templated":true}]}}